2*f**c. Determine z(0).
2
Suppose -3*t = -5*x + 10, -3*t - x = -2*x + 2. Let f(b) be the first derivative of 1/2*b**2 + t*b - 1. Give f(1).
1
Let z(u) be the third derivative of 7*u**4/24 + u**3/6 + 10*u**2. Calculate z(-1).
-6
Let a be (-6)/4 + (-12)/8. Let n(t) = -t**2 - 3*t - 3. Let l be n(a). Let u(z) = z. Let h(q) = q**2 + q. Let x(f) = -h(f) - 2*u(f). Give x(l).
0
Let s(j) = 11 + j + 15 - 25 + 0*j - 5*j**3. Give s(-1).
5
Let q(n) = -n + 8. Let x(a) = -a + 7. Let p(o) = -4*q(o) + 5*x(o). Give p(0).
3
Let k(q) = 2*q + 4. Let t be (27/(-36))/(2/8). Calculate k(t).
-2
Suppose 0*y + 3*t + 37 = -4*y, -2*t = 3*y + 27. Let g(r) = -r**3 - 7*r**2 - r. Calculate g(y).
7
Let o(k) = k**3 - k**2 + k + 9. Let j = -41 - -41. Determine o(j).
9
Let j(v) = v**3 - 5*v**3 + 2*v**2 + 3*v**3 + v + 0*v**2 - 1. Let q be 5*5/(25/(-8)). Let r be q/(-5) + 4/10. Give j(r).
1
Let q(w) = -8*w**3 + w**2. Let a(o) = -o**3 + o**2 - 1. Let s be a(-1). Determine q(s).
-7
Let f be (2 + -1)*0/(-1). Suppose f*s + 85 = 5*s. Let d(g) = -18 - 2*g + 7*g**2 + g + s. Determine d(-1).
7
Let o(w) = -w**2 + 10*w + 23. Let p be o(12). Let l(q) = -4*q**2 + q. Give l(p).
-5
Let o(z) = -4*z**3 - 7*z**2 - 2*z**3 + 0*z**3 + 6 + 5*z**3 - 6*z. Give o(-6).
6
Let f be (-2)/6 + 24/(-9). Let z(m) be the first derivative of 3*m**2/2 + 2*m - 60. Determine z(f).
-7
Suppose 10 = -2*l + 7*l. Let r(a) = 2*a**l - 2*a**2 - a**3 + 2*a**2. Give r(2).
0
Let w(m) be the third derivative of m**4/12 + m**3/3 + 11*m**2. Calculate w(5).
12
Let b(a) be the second derivative of a**5/20 - a**4/6 + a**3/6 + 10*a. Determine b(2).
2
Let f(v) = -2*v - 8. Let o be f(-5). Let b(m) = -m**2 + 2. Determine b(o).
-2
Let l(h) = h + 1. Let n(c) = 3*c + 1. Suppose 2*y + 0*y - 18 = 0. Let t be -2*(y/6 + -1). Let i(x) = t*n(x) + 4*l(x). Determine i(-5).
-2
Let j(k) = -k**3 - 6*k**2 - 7. Let v(h) = h**3 + 5*h**2 + 6. Let m(o) = 5*j(o) + 6*v(o). Calculate m(-2).
-7
Let i(t) be the third derivative of -t**6/120 - t**5/12 - t**4/6 - 5*t**3/6 + 4*t**2. What is i(-4)?
-5
Let f(z) = z + 10. Let v be f(-10). Let m(i) = i. Let a(t) = -t**2 + 6*t + 3. Let d(p) = -a(p) + 6*m(p). Determine d(v).
-3
Let y(t) = 9*t**2 + t - 6*t**2 - 12*t**2 + 7 - t**3. Give y(-9).
-2
Let l(h) = h**3 + 6*h**2 - 2*h - 5. Let t(z) = -z**2 + 25*z - 30. Let b be t(24). Calculate l(b).
7
Let q(m) = m + 1 + 7 + m**2 + 0*m**2 - 2*m**2. What is q(0)?
8
Let d(t) = -7*t - 1. Suppose -5*v = -46 + 1. Suppose -5*x + 2*x = v. Let u = -4 - x. Give d(u).
6
Let z(x) be the first derivative of -1 - 1/24*x**4 + 0*x**2 + 0*x**5 + 1/3*x**3 + 0*x - 7/360*x**6. Let u(d) be the third derivative of z(d). Calculate u(-1).
-8
Let h = 141 + -145. Let z(u) = 5*u**2 - 3*u - 2. Let f(p) = 6*p**2 - 3*p - 2. Let d(y) = -6*f(y) + 7*z(y). Give d(h).
-6
Let t(v) = -2 - 2*v - 5*v - 7 + 4 + v**2. Calculate t(6).
-11
Let m = -8 + 13. Let f(q) = -q + 1. Let z(d) = 9*d**3 + 2*d**2 + 3*d - 4. Let w(c) = m*f(c) + z(c). What is w(1)?
10
Let l(g) = g**2 + 6*g - 5. Let n(k) = k**2 + 5*k - 5. Let y(q) = 6*l(q) - 7*n(q). Determine y(-4).
-15
Let w(h) be the third derivative of 1/6*h**3 + 1/24*h**4 + 0 + 2*h**2 + 0*h. What is w(-1)?
0
Let u(s) = -s**2 - 7*s + 5. Let k be u(-8). Let w(t) = t**2 - 3*t - 4. Determine w(k).
14
Let k(u) = 2*u**2 - 5*u. Let a(y) = -3*y - 17. Let r be a(-7). Let q = 8 - r. Determine k(q).
12
Let t(w) be the first derivative of w + 1. Let o be (-1)/(-2)*(-2 + 0). Let n(g) = -g**2 + g + 5. Let m(p) = o*n(p) + 6*t(p). Give m(3).
7
Let q = 8 + -14. Let w(f) = f**3 + 7*f**2 + 5*f - 5. What is w(q)?
1
Let t(n) = 2*n. Let r(m) = 2*m. Let s(k) = 4*r(k) - 5*t(k). Let w be (4 + -5)*((-6)/(-3) - 1). What is s(w)?
2
Let k(u) = u**3 + 6*u**2 - 6*u + 10. Let j be k(-7). Suppose -5*f - 5 = 5*z, 0 - 12 = 2*z - j*f. Let n(o) = o. Calculate n(z).
-3
Let f(a) = -4*a + 1. Let m be -1 - ((-1)/(-1) + -5 - -1). Calculate f(m).
-7
Let w(i) = -3*i - 58. Let q be w(-19). Let j(g) = 0 + 5 - 4 + 5*g. Determine j(q).
-4
Let v(p) be the third derivative of -p**6/120 - p**5/10 + p**3 + 20*p**2. Suppose 21 = -2*o + 9. Give v(o).
6
Suppose -r + 11 = 3*d, 9*r - 4*r = 10. Let i(b) = 0*b**2 - d*b**2 + b**3 + 2*b**2 + 5. Determine i(0).
5
Let y(w) be the first derivative of -w**4/4 + w**3 - 2*w + 3. Let k(l) = l**2 - 2*l - 1. Let h be k(-1). What is y(h)?
2
Let a(m) = -2*m**2 - 9*m + 3. Let k(f) = -3*f**2 - 13*f + 4. Let q(c) = 8*a(c) - 5*k(c). Give q(-6).
10
Let b(t) = -t**3 + 2*t**2 + 4*t - 1. Let n be -16 + 17 + 1*2. Determine b(n).
2
Let r(o) = -39*o - 1 + 98*o - 33*o + o**2 - 37*o. Calculate r(11).
-1
Let w(u) = -2*u**3 - u**2 + 1. Let p be ((-2)/6)/(2/(-18)). Suppose 5*k - 5 = 4*q + 6, k + 13 = -p*q. Calculate w(k).
2
Let f(i) be the first derivative of i**2/2 - 2*i + 2. Let o(p) = 6*p - 10. Let w(t) = 16*f(t) - 3*o(t). Calculate w(-2).
2
Let w(k) = -k**2 - k - 1. Let h(m) = 3*m**2 - 2*m + 4. Let r(a) = -h(a) - 2*w(a). Determine r(4).
-2
Let h be (-4)/1 + 0 + 2 + 6. Let a(w) = -w**2 + 6*w - 6. Give a(h).
2
Let r be ((-2)/6)/(6/(-18)). Let x be 6*(10/(-6) - -1). Let o(j) = 3*j. Let y(m) = 4*m. Let n(z) = x*y(z) + 6*o(z). Determine n(r).
2
Let o(w) = 2 + w**2 + 5*w - 3 - 2*w**2. Calculate o(2).
5
Let f(m) = m**3 + 5*m**2 + 1. Let z(l) = -2*l + 12. Let t be z(9). Calculate f(t).
-35
Let z(d) = -d**2 - d - 1. Let m be z(-1). Let t be 2 - (m - (2 + 0)). Let g(b) = 3*b + 8. Let x(v) = -5*v - 12. Let f(r) = 8*g(r) + 5*x(r). Give f(t).
-1
Let g(w) = -10*w**3 - 19*w**2 - 6*w - 25. Let k(o) = -7*o**3 - 13*o**2 - 4*o - 17. Let z(x) = -5*g(x) + 7*k(x). Give z(-4).
-2
Suppose 14 = 5*r - 4*c - 5, -2*r - c = -5. Suppose -19 = -r*v + 4*f, 3*v = 6*f - 3*f + 15. Let k(t) = -5*t**2 - 5*t - t**2 - t**3 + v + 4. Give k(-5).
5
Let y(a) = -a**2 - a - 10. Suppose 0 = -m - 3*k - 7, -19 = -5*m - 0*m + 3*k. Let d be 1/(-1) + -1 + m. Let o be (-1)/3*1*d. Calculate y(o).
-10
Let t(g) = -g - 12. Let w(l) = -56*l**2 - 4*l - 4. Let i be w(3). Let o be 4/18 - i/(-72). Calculate t(o).
-5
Let l(m) be the third derivative of m**8/20160 + m**7/1008 - m**6/240 - m**5/60 - 5*m**2. Let f(p) be the third derivative of l(p). Determine f(-5).
-3
Let a be (1 - 1)/(1 + 1). Suppose p - 20 = -4*p - f, -3*p - f + 14 = a. Suppose -p*d = -5*d - 8. Let m(z) = 3*z + 6. Calculate m(d).
-6
Let r(a) = a**3 - 7*a**2 + 5*a + 7. Let w = -15 + 5. Let g = -4 - w. Give r(g).
1
Let c(s) = s**2 + 20*s - 68. Let f be c(-23). Let u(w) be the second derivative of -w**3/6 + w. Give u(f).
-1
Let w(g) = -g**3 - 3. Let m = 18 + -12. Suppose 4*i + 2*v + m = 0, -4*i - 4*v - 12 = -0*i. Let f = i - 0. What is w(f)?
-3
Suppose 2*k = 4, -2*k + 14 = -5*p + 5. Let f(a) = -a**2 - a - 1. Determine f(p).
-1
Let j(n) = n**3 - 9*n**2 - n**2 + 3 + 6*n**2 + 7*n**2. What is j(-3)?
3
Suppose c + 6 = 3*c. Let d(f) be the second derivative of 1/12*f**4 + 1/6*f**c + 7/20*f**5 + 0 + 2*f + 0*f**2. Determine d(-1).
-7
Let g(c) be the third derivative of 0*c - 1/120*c**6 - 1/20*c**5 + 0 - 2*c**2 - 1/12*c**4 - 1/3*c**3. Let y(j) = -j - 7. Let v be y(-4). What is g(v)?
4
Suppose -6 = -2*m - 0*m. Let o(h) be the first derivative of -h**3/3 + h**2/2 + 146. Determine o(m).
-6
Suppose 3*b - 3 + 0 = 0. Let u(x) = 0*x + 2 + 4 - 5 + 2*x. Determine u(b).
3
Let u(x) be the third derivative of x**5/60 - x**4/8 - x**3/2 - 4*x**2. Give u(5).
7
Let i(f) = 1 + f - 5 + 3 + 0. What is i(3)?
2
Let z(f) = 0*f**2 + 0*f**2 + 4 - 3*f**2 + f**3 - 6*f + 0*f**2. Calculate z(4).
-4
Let m(b) = b**2 - 8*b - 4. Let c be (-2)/(-3)*3*-1*-4. Determine m(c).
-4
Let k(o) = -o**3 + 4*o**2 - o + 3. Suppose -2*n + 4*n - 6 = 0. Let r be 3*3/9 + n. Give k(r).
-1
Suppose -8*r + 40 = -3*r. Suppose x + 5*i + 10 = 0, -5*x - r*i + 10 = -3*i. Let o(d) be the third derivative of d**4/24 - d**3/3 + 3*d**2. Give o(x).
3
Suppose f + 4 = d - 6*d, 4*d + 4*f = -16. Let i(t) be the second derivative of t**3/6 - 2*t**2 - t. Determine i(d).
-4
Suppose 13 = 3*t - 5*s, 5*s - 1 = -4*t - 7. Let p(g) be the first derivative of -7*g**3/3 + g**2 - g + 2. What is p(t)?
-6
Let k(i) = i + 1. Let s(r) = r. Let o be (-3)/2*(-8)/3. Let a be s(o). Give k(a).
5
Let f be (-2 + 0)*(-3)/(-2). Suppose s = -4*s - 3*c + 4, -3*c = -5*s + 16. Let u(p) = 2*p + 3*p + s*p - 1 - 3*p + 2*p**2. Determine u(f).
5
Suppose 3*y - 5 = -2. Let o(w) = 4*w**3 - w**2 + 1. Give o(y).
4
Let g(i